{"id":1118,"date":"2024-05-17T22:47:47","date_gmt":"2024-05-17T15:47:47","guid":{"rendered":"https:\/\/theme.khogiaodienmau.net\/noithat23\/?post_type=product&#038;p=1118"},"modified":"2024-05-17T22:50:26","modified_gmt":"2024-05-17T15:50:26","slug":"villa-modern-luxury","status":"publish","type":"product","link":"https:\/\/theme.khogiaodienmau.net\/noithat23\/villa-modern-luxury","title":{"rendered":"VILLA MODERN LUXURY"},"content":{"rendered":"<div id='gallery-1' class='gallery galleryid-1118 gallery-columns-4 gallery-size-full'><figure class='gallery-item'>\n\t\t\t<div class='gallery-icon portrait'>\n\t\t\t\t<a href='https:\/\/theme.khogiaodienmau.net\/noithat23\/wp-content\/uploads\/2024\/05\/7e55be75eda014fe4db1.jpg'><img loading=\"lazy\" decoding=\"async\" width=\"1366\" height=\"2048\" src=\"https:\/\/theme.khogiaodienmau.net\/noithat23\/wp-content\/uploads\/2024\/05\/7e55be75eda014fe4db1.jpg\" class=\"attachment-full size-full\" alt=\"VILLA MODERN LUXURY\" srcset=\"https:\/\/theme.khogiaodienmau.net\/noithat23\/wp-content\/uploads\/2024\/05\/7e55be75eda014fe4db1.jpg 1366w, https:\/\/theme.khogiaodienmau.net\/noithat23\/wp-content\/uploads\/2024\/05\/7e55be75eda014fe4db1-534x800.jpg 534w, https:\/\/theme.khogiaodienmau.net\/noithat23\/wp-content\/uploads\/2024\/05\/7e55be75eda014fe4db1-800x1200.jpg 800w, https:\/\/theme.khogiaodienmau.net\/noithat23\/wp-content\/uploads\/2024\/05\/7e55be75eda014fe4db1-1200x1799.jpg 1200w\" sizes=\"(max-width: 1366px) 100vw, 1366px\" \/><\/a>\n\t\t\t<\/div><\/figure><figure class='gallery-item'>\n\t\t\t<div class='gallery-icon landscape'>\n\t\t\t\t<a href='https:\/\/theme.khogiaodienmau.net\/noithat23\/wp-content\/uploads\/2024\/05\/House-VacoDesign-CaponyVilla_03.jpg'><img loading=\"lazy\" decoding=\"async\" width=\"2048\" height=\"1366\" src=\"https:\/\/theme.khogiaodienmau.net\/noithat23\/wp-content\/uploads\/2024\/05\/House-VacoDesign-CaponyVilla_03.jpg\" class=\"attachment-full size-full\" alt=\"VILLA MODERN LUXURY\" srcset=\"https:\/\/theme.khogiaodienmau.net\/noithat23\/wp-content\/uploads\/2024\/05\/House-VacoDesign-CaponyVilla_03.jpg 2048w, https:\/\/theme.khogiaodienmau.net\/noithat23\/wp-content\/uploads\/2024\/05\/House-VacoDesign-CaponyVilla_03-800x534.jpg 800w, https:\/\/theme.khogiaodienmau.net\/noithat23\/wp-content\/uploads\/2024\/05\/House-VacoDesign-CaponyVilla_03-1200x800.jpg 1200w\" sizes=\"(max-width: 2048px) 100vw, 2048px\" \/><\/a>\n\t\t\t<\/div><\/figure><figure class='gallery-item'>\n\t\t\t<div class='gallery-icon landscape'>\n\t\t\t\t<a href='https:\/\/theme.khogiaodienmau.net\/noithat23\/wp-content\/uploads\/2024\/05\/House-VacoDesign-CaponyVilla_04.jpg'><img loading=\"lazy\" decoding=\"async\" width=\"2048\" height=\"1366\" src=\"https:\/\/theme.khogiaodienmau.net\/noithat23\/wp-content\/uploads\/2024\/05\/House-VacoDesign-CaponyVilla_04.jpg\" class=\"attachment-full size-full\" alt=\"VILLA MODERN LUXURY\" srcset=\"https:\/\/theme.khogiaodienmau.net\/noithat23\/wp-content\/uploads\/2024\/05\/House-VacoDesign-CaponyVilla_04.jpg 2048w, https:\/\/theme.khogiaodienmau.net\/noithat23\/wp-content\/uploads\/2024\/05\/House-VacoDesign-CaponyVilla_04-800x534.jpg 800w, https:\/\/theme.khogiaodienmau.net\/noithat23\/wp-content\/uploads\/2024\/05\/House-VacoDesign-CaponyVilla_04-1200x800.jpg 1200w\" sizes=\"(max-width: 2048px) 100vw, 2048px\" \/><\/a>\n\t\t\t<\/div><\/figure><figure class='gallery-item'>\n\t\t\t<div class='gallery-icon landscape'>\n\t\t\t\t<a href='https:\/\/theme.khogiaodienmau.net\/noithat23\/wp-content\/uploads\/2024\/05\/House-VacoDesign-CaponyVilla_05.jpg'><img loading=\"lazy\" decoding=\"async\" width=\"2048\" height=\"1366\" src=\"https:\/\/theme.khogiaodienmau.net\/noithat23\/wp-content\/uploads\/2024\/05\/House-VacoDesign-CaponyVilla_05.jpg\" class=\"attachment-full size-full\" alt=\"VILLA MODERN LUXURY\" srcset=\"https:\/\/theme.khogiaodienmau.net\/noithat23\/wp-content\/uploads\/2024\/05\/House-VacoDesign-CaponyVilla_05.jpg 2048w, https:\/\/theme.khogiaodienmau.net\/noithat23\/wp-content\/uploads\/2024\/05\/House-VacoDesign-CaponyVilla_05-800x534.jpg 800w, https:\/\/theme.khogiaodienmau.net\/noithat23\/wp-content\/uploads\/2024\/05\/House-VacoDesign-CaponyVilla_05-1200x800.jpg 1200w\" sizes=\"(max-width: 2048px) 100vw, 2048px\" \/><\/a>\n\t\t\t<\/div><\/figure><figure class='gallery-item'>\n\t\t\t<div class='gallery-icon landscape'>\n\t\t\t\t<a href='https:\/\/theme.khogiaodienmau.net\/noithat23\/wp-content\/uploads\/2024\/05\/House-VacoDesign-CaponyVilla_06.jpg'><img loading=\"lazy\" decoding=\"async\" width=\"2048\" height=\"1152\" src=\"https:\/\/theme.khogiaodienmau.net\/noithat23\/wp-content\/uploads\/2024\/05\/House-VacoDesign-CaponyVilla_06.jpg\" class=\"attachment-full size-full\" alt=\"VILLA MODERN LUXURY\" srcset=\"https:\/\/theme.khogiaodienmau.net\/noithat23\/wp-content\/uploads\/2024\/05\/House-VacoDesign-CaponyVilla_06.jpg 2048w, https:\/\/theme.khogiaodienmau.net\/noithat23\/wp-content\/uploads\/2024\/05\/House-VacoDesign-CaponyVilla_06-800x450.jpg 800w, https:\/\/theme.khogiaodienmau.net\/noithat23\/wp-content\/uploads\/2024\/05\/House-VacoDesign-CaponyVilla_06-1200x675.jpg 1200w\" sizes=\"(max-width: 2048px) 100vw, 2048px\" \/><\/a>\n\t\t\t<\/div><\/figure><figure class='gallery-item'>\n\t\t\t<div class='gallery-icon landscape'>\n\t\t\t\t<a href='https:\/\/theme.khogiaodienmau.net\/noithat23\/wp-content\/uploads\/2024\/05\/House-VacoDesign-CaponyVilla_07.jpg'><img loading=\"lazy\" decoding=\"async\" width=\"2048\" height=\"1366\" src=\"https:\/\/theme.khogiaodienmau.net\/noithat23\/wp-content\/uploads\/2024\/05\/House-VacoDesign-CaponyVilla_07.jpg\" class=\"attachment-full size-full\" alt=\"VILLA MODERN LUXURY\" srcset=\"https:\/\/theme.khogiaodienmau.net\/noithat23\/wp-content\/uploads\/2024\/05\/House-VacoDesign-CaponyVilla_07.jpg 2048w, https:\/\/theme.khogiaodienmau.net\/noithat23\/wp-content\/uploads\/2024\/05\/House-VacoDesign-CaponyVilla_07-800x534.jpg 800w, https:\/\/theme.khogiaodienmau.net\/noithat23\/wp-content\/uploads\/2024\/05\/House-VacoDesign-CaponyVilla_07-1200x800.jpg 1200w\" sizes=\"(max-width: 2048px) 100vw, 2048px\" \/><\/a>\n\t\t\t<\/div><\/figure><figure class='gallery-item'>\n\t\t\t<div class='gallery-icon landscape'>\n\t\t\t\t<a href='https:\/\/theme.khogiaodienmau.net\/noithat23\/wp-content\/uploads\/2024\/05\/House-VacoDesign-CaponyVilla_08.jpg'><img loading=\"lazy\" decoding=\"async\" width=\"2048\" height=\"1367\" src=\"https:\/\/theme.khogiaodienmau.net\/noithat23\/wp-content\/uploads\/2024\/05\/House-VacoDesign-CaponyVilla_08.jpg\" class=\"attachment-full size-full\" alt=\"VILLA MODERN LUXURY\" srcset=\"https:\/\/theme.khogiaodienmau.net\/noithat23\/wp-content\/uploads\/2024\/05\/House-VacoDesign-CaponyVilla_08.jpg 2048w, https:\/\/theme.khogiaodienmau.net\/noithat23\/wp-content\/uploads\/2024\/05\/House-VacoDesign-CaponyVilla_08-800x534.jpg 800w, https:\/\/theme.khogiaodienmau.net\/noithat23\/wp-content\/uploads\/2024\/05\/House-VacoDesign-CaponyVilla_08-1200x801.jpg 1200w\" sizes=\"(max-width: 2048px) 100vw, 2048px\" \/><\/a>\n\t\t\t<\/div><\/figure><figure class='gallery-item'>\n\t\t\t<div class='gallery-icon landscape'>\n\t\t\t\t<a href='https:\/\/theme.khogiaodienmau.net\/noithat23\/wp-content\/uploads\/2024\/05\/House-VacoDesign-CaponyVilla_09.jpg'><img loading=\"lazy\" decoding=\"async\" width=\"2048\" height=\"1365\" src=\"https:\/\/theme.khogiaodienmau.net\/noithat23\/wp-content\/uploads\/2024\/05\/House-VacoDesign-CaponyVilla_09.jpg\" class=\"attachment-full size-full\" alt=\"VILLA MODERN LUXURY\" srcset=\"https:\/\/theme.khogiaodienmau.net\/noithat23\/wp-content\/uploads\/2024\/05\/House-VacoDesign-CaponyVilla_09.jpg 2048w, https:\/\/theme.khogiaodienmau.net\/noithat23\/wp-content\/uploads\/2024\/05\/House-VacoDesign-CaponyVilla_09-800x533.jpg 800w, https:\/\/theme.khogiaodienmau.net\/noithat23\/wp-content\/uploads\/2024\/05\/House-VacoDesign-CaponyVilla_09-1200x800.jpg 1200w\" sizes=\"(max-width: 2048px) 100vw, 2048px\" \/><\/a>\n\t\t\t<\/div><\/figure><figure class='gallery-item'>\n\t\t\t<div class='gallery-icon landscape'>\n\t\t\t\t<a href='https:\/\/theme.khogiaodienmau.net\/noithat23\/wp-content\/uploads\/2024\/05\/House-VacoDesign-CaponyVilla_10.jpg'><img loading=\"lazy\" decoding=\"async\" width=\"2048\" height=\"1365\" src=\"https:\/\/theme.khogiaodienmau.net\/noithat23\/wp-content\/uploads\/2024\/05\/House-VacoDesign-CaponyVilla_10.jpg\" class=\"attachment-full size-full\" alt=\"VILLA MODERN LUXURY\" srcset=\"https:\/\/theme.khogiaodienmau.net\/noithat23\/wp-content\/uploads\/2024\/05\/House-VacoDesign-CaponyVilla_10.jpg 2048w, https:\/\/theme.khogiaodienmau.net\/noithat23\/wp-content\/uploads\/2024\/05\/House-VacoDesign-CaponyVilla_10-800x533.jpg 800w, https:\/\/theme.khogiaodienmau.net\/noithat23\/wp-content\/uploads\/2024\/05\/House-VacoDesign-CaponyVilla_10-1200x800.jpg 1200w\" sizes=\"(max-width: 2048px) 100vw, 2048px\" \/><\/a>\n\t\t\t<\/div><\/figure><figure class='gallery-item'>\n\t\t\t<div class='gallery-icon landscape'>\n\t\t\t\t<a href='https:\/\/theme.khogiaodienmau.net\/noithat23\/wp-content\/uploads\/2024\/05\/House-VacoDesign-CaponyVilla_11.jpg'><img loading=\"lazy\" decoding=\"async\" width=\"2048\" height=\"1366\" src=\"https:\/\/theme.khogiaodienmau.net\/noithat23\/wp-content\/uploads\/2024\/05\/House-VacoDesign-CaponyVilla_11.jpg\" class=\"attachment-full size-full\" alt=\"VILLA MODERN LUXURY\" srcset=\"https:\/\/theme.khogiaodienmau.net\/noithat23\/wp-content\/uploads\/2024\/05\/House-VacoDesign-CaponyVilla_11.jpg 2048w, https:\/\/theme.khogiaodienmau.net\/noithat23\/wp-content\/uploads\/2024\/05\/House-VacoDesign-CaponyVilla_11-800x534.jpg 800w, https:\/\/theme.khogiaodienmau.net\/noithat23\/wp-content\/uploads\/2024\/05\/House-VacoDesign-CaponyVilla_11-1200x800.jpg 1200w\" sizes=\"(max-width: 2048px) 100vw, 2048px\" \/><\/a>\n\t\t\t<\/div><\/figure><figure class='gallery-item'>\n\t\t\t<div class='gallery-icon landscape'>\n\t\t\t\t<a href='https:\/\/theme.khogiaodienmau.net\/noithat23\/wp-content\/uploads\/2024\/05\/House-VacoDesign-CaponyVilla_12.jpg'><img loading=\"lazy\" decoding=\"async\" width=\"2048\" height=\"1368\" src=\"https:\/\/theme.khogiaodienmau.net\/noithat23\/wp-content\/uploads\/2024\/05\/House-VacoDesign-CaponyVilla_12.jpg\" class=\"attachment-full size-full\" alt=\"VILLA MODERN LUXURY\" srcset=\"https:\/\/theme.khogiaodienmau.net\/noithat23\/wp-content\/uploads\/2024\/05\/House-VacoDesign-CaponyVilla_12.jpg 2048w, https:\/\/theme.khogiaodienmau.net\/noithat23\/wp-content\/uploads\/2024\/05\/House-VacoDesign-CaponyVilla_12-800x534.jpg 800w, https:\/\/theme.khogiaodienmau.net\/noithat23\/wp-content\/uploads\/2024\/05\/House-VacoDesign-CaponyVilla_12-1200x802.jpg 1200w\" sizes=\"(max-width: 2048px) 100vw, 2048px\" \/><\/a>\n\t\t\t<\/div><\/figure><figure class='gallery-item'>\n\t\t\t<div class='gallery-icon landscape'>\n\t\t\t\t<a href='https:\/\/theme.khogiaodienmau.net\/noithat23\/wp-content\/uploads\/2024\/05\/House-VacoDesign-CaponyVilla_13.jpg'><img loading=\"lazy\" decoding=\"async\" width=\"2048\" height=\"1366\" src=\"https:\/\/theme.khogiaodienmau.net\/noithat23\/wp-content\/uploads\/2024\/05\/House-VacoDesign-CaponyVilla_13.jpg\" class=\"attachment-full size-full\" alt=\"VILLA MODERN LUXURY\" srcset=\"https:\/\/theme.khogiaodienmau.net\/noithat23\/wp-content\/uploads\/2024\/05\/House-VacoDesign-CaponyVilla_13.jpg 2048w, https:\/\/theme.khogiaodienmau.net\/noithat23\/wp-content\/uploads\/2024\/05\/House-VacoDesign-CaponyVilla_13-800x534.jpg 800w, https:\/\/theme.khogiaodienmau.net\/noithat23\/wp-content\/uploads\/2024\/05\/House-VacoDesign-CaponyVilla_13-1200x800.jpg 1200w\" sizes=\"(max-width: 2048px) 100vw, 2048px\" \/><\/a>\n\t\t\t<\/div><\/figure><figure class='gallery-item'>\n\t\t\t<div class='gallery-icon landscape'>\n\t\t\t\t<a href='https:\/\/theme.khogiaodienmau.net\/noithat23\/wp-content\/uploads\/2024\/05\/House-VacoDesign-CaponyVilla_15.jpg'><img loading=\"lazy\" decoding=\"async\" width=\"2048\" height=\"1366\" src=\"https:\/\/theme.khogiaodienmau.net\/noithat23\/wp-content\/uploads\/2024\/05\/House-VacoDesign-CaponyVilla_15.jpg\" class=\"attachment-full size-full\" alt=\"VILLA MODERN LUXURY\" srcset=\"https:\/\/theme.khogiaodienmau.net\/noithat23\/wp-content\/uploads\/2024\/05\/House-VacoDesign-CaponyVilla_15.jpg 2048w, https:\/\/theme.khogiaodienmau.net\/noithat23\/wp-content\/uploads\/2024\/05\/House-VacoDesign-CaponyVilla_15-800x534.jpg 800w, https:\/\/theme.khogiaodienmau.net\/noithat23\/wp-content\/uploads\/2024\/05\/House-VacoDesign-CaponyVilla_15-1200x800.jpg 1200w\" sizes=\"(max-width: 2048px) 100vw, 2048px\" \/><\/a>\n\t\t\t<\/div><\/figure><figure class='gallery-item'>\n\t\t\t<div class='gallery-icon landscape'>\n\t\t\t\t<a href='https:\/\/theme.khogiaodienmau.net\/noithat23\/wp-content\/uploads\/2024\/05\/House-VacoDesign-CaponyVilla_16.jpg'><img loading=\"lazy\" decoding=\"async\" width=\"2048\" height=\"1365\" src=\"https:\/\/theme.khogiaodienmau.net\/noithat23\/wp-content\/uploads\/2024\/05\/House-VacoDesign-CaponyVilla_16.jpg\" class=\"attachment-full size-full\" alt=\"VILLA MODERN LUXURY\" srcset=\"https:\/\/theme.khogiaodienmau.net\/noithat23\/wp-content\/uploads\/2024\/05\/House-VacoDesign-CaponyVilla_16.jpg 2048w, https:\/\/theme.khogiaodienmau.net\/noithat23\/wp-content\/uploads\/2024\/05\/House-VacoDesign-CaponyVilla_16-800x533.jpg 800w, https:\/\/theme.khogiaodienmau.net\/noithat23\/wp-content\/uploads\/2024\/05\/House-VacoDesign-CaponyVilla_16-1200x800.jpg 1200w\" sizes=\"(max-width: 2048px) 100vw, 2048px\" \/><\/a>\n\t\t\t<\/div><\/figure><figure class='gallery-item'>\n\t\t\t<div class='gallery-icon landscape'>\n\t\t\t\t<a href='https:\/\/theme.khogiaodienmau.net\/noithat23\/wp-content\/uploads\/2024\/05\/House-VacoDesign-CaponyVilla_17.jpg'><img loading=\"lazy\" decoding=\"async\" width=\"2048\" height=\"1367\" src=\"https:\/\/theme.khogiaodienmau.net\/noithat23\/wp-content\/uploads\/2024\/05\/House-VacoDesign-CaponyVilla_17.jpg\" class=\"attachment-full size-full\" alt=\"VILLA MODERN LUXURY\" srcset=\"https:\/\/theme.khogiaodienmau.net\/noithat23\/wp-content\/uploads\/2024\/05\/House-VacoDesign-CaponyVilla_17.jpg 2048w, https:\/\/theme.khogiaodienmau.net\/noithat23\/wp-content\/uploads\/2024\/05\/House-VacoDesign-CaponyVilla_17-800x534.jpg 800w, https:\/\/theme.khogiaodienmau.net\/noithat23\/wp-content\/uploads\/2024\/05\/House-VacoDesign-CaponyVilla_17-1200x801.jpg 1200w\" sizes=\"(max-width: 2048px) 100vw, 2048px\" \/><\/a>\n\t\t\t<\/div><\/figure><figure class='gallery-item'>\n\t\t\t<div class='gallery-icon landscape'>\n\t\t\t\t<a href='https:\/\/theme.khogiaodienmau.net\/noithat23\/wp-content\/uploads\/2024\/05\/House-VacoDesign-CaponyVilla_19.jpg'><img loading=\"lazy\" decoding=\"async\" width=\"2048\" height=\"1152\" src=\"https:\/\/theme.khogiaodienmau.net\/noithat23\/wp-content\/uploads\/2024\/05\/House-VacoDesign-CaponyVilla_19.jpg\" class=\"attachment-full size-full\" alt=\"VILLA MODERN LUXURY\" srcset=\"https:\/\/theme.khogiaodienmau.net\/noithat23\/wp-content\/uploads\/2024\/05\/House-VacoDesign-CaponyVilla_19.jpg 2048w, https:\/\/theme.khogiaodienmau.net\/noithat23\/wp-content\/uploads\/2024\/05\/House-VacoDesign-CaponyVilla_19-800x450.jpg 800w, https:\/\/theme.khogiaodienmau.net\/noithat23\/wp-content\/uploads\/2024\/05\/House-VacoDesign-CaponyVilla_19-1200x675.jpg 1200w\" sizes=\"(max-width: 2048px) 100vw, 2048px\" \/><\/a>\n\t\t\t<\/div><\/figure><figure class='gallery-item'>\n\t\t\t<div class='gallery-icon landscape'>\n\t\t\t\t<a href='https:\/\/theme.khogiaodienmau.net\/noithat23\/wp-content\/uploads\/2024\/05\/House-VacoDesign-CaponyVilla_20.jpg'><img loading=\"lazy\" decoding=\"async\" width=\"2048\" height=\"1152\" src=\"https:\/\/theme.khogiaodienmau.net\/noithat23\/wp-content\/uploads\/2024\/05\/House-VacoDesign-CaponyVilla_20.jpg\" class=\"attachment-full size-full\" alt=\"VILLA MODERN LUXURY\" srcset=\"https:\/\/theme.khogiaodienmau.net\/noithat23\/wp-content\/uploads\/2024\/05\/House-VacoDesign-CaponyVilla_20.jpg 2048w, https:\/\/theme.khogiaodienmau.net\/noithat23\/wp-content\/uploads\/2024\/05\/House-VacoDesign-CaponyVilla_20-800x450.jpg 800w, https:\/\/theme.khogiaodienmau.net\/noithat23\/wp-content\/uploads\/2024\/05\/House-VacoDesign-CaponyVilla_20-1200x675.jpg 1200w\" sizes=\"(max-width: 2048px) 100vw, 2048px\" \/><\/a>\n\t\t\t<\/div><\/figure><figure class='gallery-item'>\n\t\t\t<div class='gallery-icon landscape'>\n\t\t\t\t<a href='https:\/\/theme.khogiaodienmau.net\/noithat23\/wp-content\/uploads\/2024\/05\/House-VacoDesign-CaponyVilla_23.jpg'><img loading=\"lazy\" decoding=\"async\" width=\"2048\" height=\"1366\" src=\"https:\/\/theme.khogiaodienmau.net\/noithat23\/wp-content\/uploads\/2024\/05\/House-VacoDesign-CaponyVilla_23.jpg\" class=\"attachment-full size-full\" alt=\"VILLA MODERN LUXURY\" srcset=\"https:\/\/theme.khogiaodienmau.net\/noithat23\/wp-content\/uploads\/2024\/05\/House-VacoDesign-CaponyVilla_23.jpg 2048w, https:\/\/theme.khogiaodienmau.net\/noithat23\/wp-content\/uploads\/2024\/05\/House-VacoDesign-CaponyVilla_23-800x534.jpg 800w, https:\/\/theme.khogiaodienmau.net\/noithat23\/wp-content\/uploads\/2024\/05\/House-VacoDesign-CaponyVilla_23-1200x800.jpg 1200w\" sizes=\"(max-width: 2048px) 100vw, 2048px\" \/><\/a>\n\t\t\t<\/div><\/figure><figure class='gallery-item'>\n\t\t\t<div class='gallery-icon landscape'>\n\t\t\t\t<a href='https:\/\/theme.khogiaodienmau.net\/noithat23\/wp-content\/uploads\/2024\/05\/House-VacoDesign-CaponyVilla_24.jpg'><img loading=\"lazy\" decoding=\"async\" width=\"2048\" height=\"1366\" src=\"https:\/\/theme.khogiaodienmau.net\/noithat23\/wp-content\/uploads\/2024\/05\/House-VacoDesign-CaponyVilla_24.jpg\" class=\"attachment-full size-full\" alt=\"VILLA MODERN LUXURY\" srcset=\"https:\/\/theme.khogiaodienmau.net\/noithat23\/wp-content\/uploads\/2024\/05\/House-VacoDesign-CaponyVilla_24.jpg 2048w, https:\/\/theme.khogiaodienmau.net\/noithat23\/wp-content\/uploads\/2024\/05\/House-VacoDesign-CaponyVilla_24-800x534.jpg 800w, https:\/\/theme.khogiaodienmau.net\/noithat23\/wp-content\/uploads\/2024\/05\/House-VacoDesign-CaponyVilla_24-1200x800.jpg 1200w\" sizes=\"(max-width: 2048px) 100vw, 2048px\" \/><\/a>\n\t\t\t<\/div><\/figure>\n\t\t<\/div>\n\n","protected":false},"excerpt":{"rendered":"<p>C\u0103n Bi\u1ec7t th\u1ef1 l\u00e0 ch\u1ed1t ngh\u1ec9 ng\u01a1i v\u00e0 c\u0169ng l\u00e0 n\u01a1i l\u00e0m vi\u1ec7c t\u1ea1i nh\u00e0 cho ch\u1ee7 nh\u00e2n c\u1ee7a n\u00f3. \u0110\u01b0\u1ee3c thi\u1ebft k\u1ebf th\u00f4ng tho\u00e1ng h\u00f2a m\u00ecnh v\u1edbi s\u00e2n v\u01b0\u1eddn c\u00e2y xanh, ch\u1ea5t li\u1ec7u m\u1ed9c m\u1ea1c nh\u01b0ng trong n\u1ec1n phong c\u00e1ch hi\u1ec7n \u0111\u1ea1i \u0111\u1ec3 t\u0103ng ti\u1ec7n nghi cho c\u0103n nh\u00e0. T\u1eeb kh\u00f4ng gian b\u00ean ngo\u00e0i \u0111\u1ebfn b\u00ean trong ch\u1ea5t li\u1ec7u lu\u00f4n \u0111\u1ed3ng nh\u1ea5t v\u1edbi phong c\u00e1ch to\u00e0n ng\u00f4i nh\u00e0, \u0111i\u1ec1u \u0111\u00f3 s\u1ebd l\u00e0m t\u0103ng th\u00eam x\u00fac c\u1ea3m cho ng\u01b0\u1eddi \u1edf v\u00e0 kh\u00e1ch th\u0103m quan \u0111\u1ebfn \u0111\u00e2y.<\/p>\n","protected":false},"featured_media":1119,"comment_status":"open","ping_status":"closed","template":"","meta":{"_acf_changed":false,"rank_math_lock_modified_date":false},"product_cat":[15,72,80],"product_tag":[],"class_list":{"0":"post-1118","1":"product","2":"type-product","3":"status-publish","4":"has-post-thumbnail","6":"product_cat-du-an","7":"product_cat-biet-thu","8":"product_cat-du-an-thi-cong","10":"first","11":"instock","12":"shipping-taxable","13":"product-type-simple"},"acf":[],"_links":{"self":[{"href":"https:\/\/theme.khogiaodienmau.net\/noithat23\/wp-json\/wp\/v2\/product\/1118"}],"collection":[{"href":"https:\/\/theme.khogiaodienmau.net\/noithat23\/wp-json\/wp\/v2\/product"}],"about":[{"href":"https:\/\/theme.khogiaodienmau.net\/noithat23\/wp-json\/wp\/v2\/types\/product"}],"replies":[{"embeddable":true,"href":"https:\/\/theme.khogiaodienmau.net\/noithat23\/wp-json\/wp\/v2\/comments?post=1118"}],"wp:featuredmedia":[{"embeddable":true,"href":"https:\/\/theme.khogiaodienmau.net\/noithat23\/wp-json\/wp\/v2\/media\/1119"}],"wp:attachment":[{"href":"https:\/\/theme.khogiaodienmau.net\/noithat23\/wp-json\/wp\/v2\/media?parent=1118"}],"wp:term":[{"taxonomy":"product_cat","embeddable":true,"href":"https:\/\/theme.khogiaodienmau.net\/noithat23\/wp-json\/wp\/v2\/product_cat?post=1118"},{"taxonomy":"product_tag","embeddable":true,"href":"https:\/\/theme.khogiaodienmau.net\/noithat23\/wp-json\/wp\/v2\/product_tag?post=1118"}],"curies":[{"name":"wp","href":"https:\/\/api.w.org\/{rel}","templated":true}]}}